*2. Determine j(t).
-1
Let z(v) be the second derivative of -v**4/12 - v**3/6 + 19*v**2/2 - 38*v + 2. Give z(5).
-11
Let r(f) be the third derivative of f**4/6 - f**2. Suppose 10 = 72*s - 67*s. Suppose -u + 4*u = 3*y + 9, -6 = 2*y + s*u. Determine r(y).
-12
Suppose 10*i = -26*x + 27*x - 185, -2*x = 3*i + 44. Let m(y) = y**3 + 18*y**2 - 2*y - 44. Calculate m(i).
-8
Let f(p) be the third derivative of -p**6/120 - 7*p**5/60 - 5*p**4/24 - p**3/2 - 24453*p**2. Let l = 14 - 20. Determine f(l).
-9
Let m(n) = -2*n**3 - n**2 + 2*n - 3. Let a be (-6)/5*(-325)/10. Suppose a - 47 = -4*o. Give m(o).
-19
Let y be ((-2)/3)/(1/(-6)). Let t(c) = -5*c - y - 1 + 4*c. Suppose 6*b = -3*b + 8*b - 3*b. Give t(b).
-5
Let t(a) = -a**3 + 6*a**2 + 8*a - 7. Let v(c) = -c**2 - 5*c + 13. Let p = 35 + -41. Let r be v(p). Let z be t(r). Let g(h) = h + 5. Determine g(z).
5
Let t(g) = -g**3 + 15*g**2 + 36*g - 26. Let r = 1668 + -1651. Calculate t(r).
8
Let a(u) be the second derivative of u**5/120 + u**4/12 - 7*u**3 + 17*u. Let c(m) be the second derivative of a(m). Give c(7).
9
Let f = -19 + 61. Suppose 6 + f = -6*c. Let l(g) = g**2 + 1. Let v(h) = -h**3 - 10*h**2 - h - 12. Let z(o) = -2*l(o) - v(o). Calculate z(c).
2
Let p(o) = -o**3 + 4*o**2 - 3*o + 1. Let c(r) be the second derivative of r**4/12 - 5*r**3/6 - 11*r**2/2 + 71*r. Let k = -15 + 22. Let j be c(k). Give p(j).
1
Let u(x) be the first derivative of -x**3/3 + 3*x**2/2 - x - 63. Let j(f) = f**2 + 2*f - 20. Let s be j(-6). Determine u(s).
-5
Suppose 2*a - 2*q = q - 30, -4*a - 4*q - 20 = 0. Let u(k) = -147 + k + 35 + 101 - 2*k. Give u(a).
-2
Let i(j) be the second derivative of -j**4/6 + 2*j**3 - 4*j**2 - 242*j - 4. What is i(4)?
8
Suppose 3*t - 3 = -4*m + 2*t, 2*m - 1 = -t. Let b(f) = 89 - 189 + 99 + 15*f. Determine b(m).
14
Let g(r) = -154*r + 813. Let y be g(5). Let p = 28 + -77. Let z = p + y. Let o(v) = -v**2 - 4*v + 8. Give o(z).
-4
Let d be ((-36)/(-5) - 0)/((-16)/(-60)). Let t(u) = 2*u - 5 + 6*u - d*u + 12*u + 6*u. Suppose 0 = m + 3 + 5. Calculate t(m).
3
Let f(o) = o**2 - 2*o + 2. Let v(g) be the first derivative of -g**4/4 + 17*g**3/3 + g**2/2 - 15*g - 55. Let s be v(17). What is f(s)?
2
Suppose 5*y - 60 = -15*y. Let f(s) = -s**3 + 7*s - 7*s**2 - 10*s**y + 2 - 5 + 12*s**3. Give f(5).
-18
Let d(s) be the first derivative of -s**5/40 - 5*s**4/4 - 2*s**3/3 - 34*s - 184. Let f(m) be the third derivative of d(m). Determine f(-12).
6
Let y(m) = -71*m + 1139. Let l be y(16). Let r(f) = 6*f. Determine r(l).
18
Let z(q) be the second derivative of -q**5/20 - 7*q**4/12 - 7*q**3/6 + 9*q**2/2 + 502*q. What is z(-3)?
-6
Suppose -1248*n + 2*z = -1253*n - 23, -3*z = 4*n + 17. Let t(w) = -w**3 - 5*w**2 + 3*w + 14. Determine t(n).
-1
Suppose 22*s = -35 + 167. Suppose 0 = 3*g, s*r + 3*g + 6 = 3*r. Let x(b) = -b**3 - 2*b**2 + b - 1. Give x(r).
-3
Let f(s) = s**3 - 5*s**2 + 3. Let v be (-40 + 14)*2/(-4). Suppose -5*u = 25, -4*g - 64 = 3*u - v. Let j be 8/3*g/(-6). Give f(j).
-13
Let t be 0 + 5/(-15) + (-2)/(-6). Let s(k) = t*k + 14 - 6*k - 29 + 16. Suppose 18*l + 5 = 13*l. Determine s(l).
7
Let z(v) be the second derivative of v**6/360 + v**5/40 + v**4/24 + 12*v**3 - 8*v - 1. Let p(t) be the second derivative of z(t). Give p(3).
19
Let k(p) = 2 + 21 - 4*p**2 - 2*p + 2 - 23 + 0. Suppose -4*b - 8 = -4. Let s(y) = 2*y. Let a be s(b). Determine k(a).
-10
Suppose 0 = 107*g - 112*g - 2*a - 124, -a = -g - 22. Let n be ((g/(-9))/8)/(2/(-36)). Let q(z) = z**3 + 4*z**2 - 4*z + 5. Give q(n).
-43
Let h(r) = r + 110. Let l(b) = -2*b - 468. Let j(x) = 9*h(x) + 2*l(x). Determine j(-11).
-1
Suppose -35 + 27 = 2*d, -r = 3*d + 10. Let y(q) = 2*q**3 - 3*q**3 + 13*q**2 - q + 11 - 6*q**r - 15. Calculate y(7).
-11
Let c(m) be the first derivative of m**2/2 - 19*m + 2459. What is c(14)?
-5
Let t(k) = k**2 + 7*k + 16. Let y = -766 - -770. Suppose 5*g + 3*r + 33 = 0, -y*g - 9*r + 4*r - 29 = 0. Give t(g).
10
Let u(b) = 99*b + 1 - 98*b + 24 + 8. Calculate u(-16).
17
Suppose -17 = -109*k + 27*k + 475. Let w(d) = 2*d**2 + d + 8. What is w(k)?
86
Let v = -56 - -56. Suppose -26*x + 28*x - 10 = v. Let i(u) = 4*u - 1. Let h(d) = 6*d - 2. Let k(p) = 5*h(p) - 7*i(p). Calculate k(x).
7
Let c(p) = 1 + 0*p**2 - 2*p**2 + 0*p**2 + p**2 - 4*p. Suppose 18 = -4*d + 5*d - 5*y, -4*y - 6 = -5*d. Let t be -3 - (d/(-4))/((-1)/(-2)). What is c(t)?
1
Suppose 4*y - 1 = 4*m + 63, 0 = -m - 3*y - 8. Let g(j) = -10 - 6451*j - 8 + 6449*j. What is g(m)?
10
Let h be (-1)/8 - 17/(-8). Let l be (h/(-5))/(17/170). Let z(x) be the third derivative of x**6/120 + x**5/12 + x**4/12 + x**3/3 + 3*x**2. Calculate z(l).
10
Suppose -36 = -2*c + 24. Let i(d) = -d**2 - 16*d + 1228. Let t be i(28). Let v be -2*((-12)/c)/(t/(-15)). Let h(o) = o + 4. Calculate h(v).
7
Let t(b) = -b**2 + 3*b + 13. Let a(h) = 2*h**2 - 5*h - 28. Suppose -11*x + 8 = -47. Let l(v) = x*t(v) + 2*a(v). What is l(7)?
-5
Let q = -8729 - -8732. Let x(a) be the first derivative of -a**4/4 + a**3 - 5*a**2/2 + 4*a + 4. Calculate x(q).
-11
Let b(k) = -6*k**2 + 85*k - 20. Let o be 992/72 + -1 + (-66)/(-54). Calculate b(o).
-6
Let q(c) = c**2 + c - 3. Let r = -1 + 9. Suppose 12*b = r*b. Suppose -2*w + b*w + 4 = 4*y, 2 = -2*y. What is q(w)?
17
Suppose -2*y - 70 = -f - 3*f, 0 = 3*f - y - 50. Suppose -39*o + f = -34*o. Let w(g) = -5 - 10 - g**2 + 16 + g**o. What is w(-2)?
-11
Suppose -324 = -3*i + 24. Let d = -122 + i. Let c be ((-2)/(-2))/(1/d*2). Let k(g) = -g**3 - 5*g**2 - 4*g - 2. What is k(c)?
-8
Let a be 28/(-105)*6*(-130)/2. Let l = a - 103. Let v(k) = 5*k - 1. Determine v(l).
4
Let p(y) = -6*y - 2*y + 1504 - 737 - 867. Calculate p(-12).
-4
Let f = -5 + 2. Let l(n) be the first derivative of -1/4*n**4 - 1/3*n**3 + 2*n**2 + n + 84. What is l(f)?
7
Let l(b) be the third derivative of -b**4/8 + 13*b**3/6 - b**2 + 5846*b. Suppose 0 = z + z - 14. What is l(z)?
-8
Let r(l) be the first derivative of l**3/6 + 18*l**2 - 96*l - 63. Let k(o) be the first derivative of r(o). Determine k(0).
36
Let u(s) = -2354*s**2 - 22*s + 129. Let k(y) = -1070*y**2 - 10*y + 59. Let w(o) = -24*k(o) + 11*u(o). Give w(1).
-213
Let n(j) be the third derivative of -j**6/360 + 7*j**5/120 - j**4/12 + 38*j**3/3 - 18*j**2 - 5. Let l(b) be the first derivative of n(b). Give l(6).
4
Let o(t) be the second derivative of -1/12*t**4 + 8 + 7*t + 3/2*t**3 - 7/2*t**2. Give o(8).
1
Let o(k) = k**2 + 6*k + 8. Let i be o(-6). Let a(r) = -37*r - 24. Let y(s) = 4*s + 2. Let u(z) = -a(z) - 9*y(z). What is u(i)?
14
Let i(t) = -11*t - 17. Let s(y) = -27*y - 40. Let l(u) = 5*i(u) - 2*s(u). Determine l(9).
-14
Suppose -t + 245 = -4*c, t = c - 2*c - 65. Let b = c + 65. Suppose 2*u - 10 = n - 3*n, -b*u = n - 11. Let z(l) = -2*l + 3. Calculate z(u).
-3
Let h(l) be the second derivative of -l**5/20 - 17*l**4/12 + 8*l**3/3 + 8*l**2 - 3549*l. What is h(-18)?
52
Let v(n) = 2*n**3 + 40*n - n**3 + 4*n**3 - 11*n**2 - 31*n - 7*n**3 - 12. Let w(u) = 3*u**3 + 20*u**2 - 17*u + 22. Let l(q) = -5*v(q) - 3*w(q). Give l(4).
2
Let u = 10009 + -10006. Let z(h) be the first derivative of -2 - 5/2*h**2 + u*h + 5/3*h**3 - 1/4*h**4. Calculate z(3).
6
Let s(d) = 23*d - 1. Let o(k) = k**2 + 79*k + 491. Let r be o(-74). Let i = 279 - 399. Let l = i + r. What is s(l)?
22
Let s(g) = -g - 2. Let o be 6*2/36*0. Let z(i) = -i + 1. Let d(b) = 12*b - 12. Let w(c) = 2*d(c) + 20*z(c). Let p be w(o). Give s(p).
2
Let a(j) = j**3 + 7*j**2 + 6*j + 5. Let n(y) = -y**3 - 16*y**2 - 16*y - 18. Suppose -6*g = 102 - 12. Let o be n(g). Let l be (-6)/(6 + o + -2). Calculate a(l).
5
Suppose -256 = -16*x + 48. Let q(y) = -50 + x + 5*y - 4*y. What is q(0)?
-31
Let x(a) = 18*a + 95. Suppose 92*n = 38*n - 111*n - 990. Give x(n).
-13
Let w be 1/(14/(-4)) + (-80)/(-35). Let u be (-230)/20 - (-1)/w. Let m(v) = v**2 + 12*v + 2. Determine m(u).
-9
Suppose -5*w + 2*l + 524 = 0, -30*w + 28*w = 2*l - 218. Let v = 102 - w. Let s(k) be the third derivative of k**4/24 - k**3/3 + 2*k**2. What is s(v)?
-6
Let l(i) = -i**2 + 4. Let c be l(-2). Suppose 5*r - y + 69 = c, -6*y = r - 11*y + 33. Let f(z) = z**3 + 13*z**2 + z + 19. Determine f(r).
6
Let n(t) be the second derivative of t**5/20 - 11*t**4/12 - t**3/6 - 13*t**2/2 + 533*t. Calculate n(11).
-24
Let t(p) be the second derivative of -p**7/1260 + 11*p**6/360 - p**5/24 - 55*p**4/12 - 2*p - 6